 base 11?
-431
What is 223003 (base 4) in base 10?
2755
What is 448 (base 11) in base 12?
388
Convert -26661 (base 10) to base 3.
-1100120110
Convert -113352 (base 6) to base 2.
-10011010000100
What is -21d2 (base 15) in base 10?
-7172
What is c845 (base 13) in base 7?
143654
1868 (base 14) to base 13
200a
862 (base 10) to base 8
1536
What is 36025 (base 7) in base 11?
6a77
-2000 (base 11) to base 3
-10122121
What is -5054 (base 7) in base 14?
-8d4
What is a67 (base 16) in base 3?
10122122
-56b5 (base 14) to base 10
-15055
Convert 12213 (base 4) to base 15.
1d3
What is 2231 (base 5) in base 4?
10330
Convert 402201 (base 7) to base 12.
33439
What is -11110011100 (base 2) in base 10?
-1948
What is 372 (base 9) in base 14?
180
What is -541 (base 8) in base 6?
-1345
Convert -1166 (base 10) to base 2.
-10010001110
What is 11020201 (base 4) in base 2?
101001000100001
What is -14154 (base 10) in base 8?
-33512
Convert -2120000 (base 4) to base 2.
-10011000000000
What is -b6 (base 13) in base 15?
-9e
What is 4033 (base 6) in base 12?
619
Convert 30211230 (base 4) to base 9.
77653
What is 72 (base 10) in base 13?
57
Convert -36 (base 14) to base 13.
-39
What is 110311 (base 4) in base 2?
10100110101
-7b2 (base 13) to base 15
-5d8
Convert 13062 (base 7) to base 8.
6622
Convert 1402 (base 11) to base 6.
12225
-27024 (base 9) to base 7
-104125
What is 6073 (base 9) in base 8?
10530
What is -94 (base 14) in base 7?
-244
What is 38f6 (base 16) in base 3?
202000002
What is -2d25 (base 14) in base 8?
-17605
Convert 7597 (base 12) to base 7.
52462
-98 (base 14) to base 8
-206
Convert -5b25 (base 12) to base 15.
-3088
What is 5513 (base 7) in base 4?
132302
What is -105221 (base 6) in base 16?
-22ed
db8 (base 15) to base 5
44343
-3202 (base 6) to base 13
-437
What is -22303 (base 4) in base 6?
-3111
What is 1614 (base 11) in base 12?
1248
Convert 253 (base 9) to base 12.
156
Convert 126 (base 10) to base 4.
1332
What is 1100011101 (base 2) in base 11?
665
41550 (base 6) to base 9
7623
-123346 (base 7) to base 10
-22819
Convert -2871 (base 9) to base 14.
-b10
Convert 983 (base 14) to base 10.
1879
What is -4562 (base 9) in base 15?
-1002
What is -1648 (base 10) in base 16?
-670
Convert 32331100 (base 4) to base 10.
61264
What is -2795 (base 10) in base 4?
-223223
What is 1220 (base 4) in base 7?
206
-111c5 (base 14) to base 15
-c489
What is -21221 (base 3) in base 7?
-424
-5a8a (base 11) to base 14
-2c8b
Convert -23222 (base 4) to base 7.
-2114
What is 55725 (base 8) in base 7?
125353
31015 (base 6) to base 5
112430
-240 (base 11) to base 2
-100011110
Convert 1340 (base 16) to base 9.
6675
Convert 2020 (base 3) to base 6.
140
1014313 (base 5) to base 7
100035
6c2 (base 13) to base 7
3263
-1055 (base 11) to base 5
-21031
667 (base 14) to base 8
2363
Convert -21722 (base 8) to base 14.
-34b0
Convert -14a (base 14) to base 2.
-100000110
-11011010101 (base 2) to base 10
-1749
Convert 2031 (base 10) to base 13.
c03
Convert 1 (base 13) to base 10.
1
Convert -110203 (base 4) to base 15.
-5ca
Convert 111101100 (base 2) to base 14.
272
Convert -42322 (base 5) to base 3.
-10220002
Convert 234232 (base 5) to base 16.
21f4
Convert 1095 (base 10) to base 13.
663
What is 444150 (base 6) in base 15?
b063
Convert -372 (base 15) to base 11.
-651
Convert 1be (base 15) to base 12.
298
-10102100 (base 3) to base 8
-4675
Convert 815 (base 11) to base 7.
2604
What is -1204131 (base 5) in base 12?
-10b80
Convert -1520 (base 7) to base 6.
-2442
What is 4566 (base 8) in base 15?
ab7
33c (base 14) to base 11
534
233133 (base 6) to base 3
1000122010
What is 43 (base 11) in base 9?
52
323 (base 13) to base 15
25b
What is -221013 (base 4) in base 2?
-101001000111
What is 45e (base 15) in base 2?
1111011101
What is 3d4c (base 16) in base 5?
1000232
What is 6050 (base 8) in base 13?
1555
What is 106 (base 11) in base 5?
1002
Convert -298 (base 16) to base 11.
-554
776 (base 8) to base 12
366
What is 294 (base 12) in base 3?
112211
Convert -2bc9 (base 14) to base 7.
-31542
Convert -e0 (base 15) to base 5.
-1320
Convert 13020 (base 4) to base 10.
456
Convert 128805 (base 9) to base 2.
10011001101000000
Convert -63 (base 14) to base 12.
-73
What is 2a9a (base 13) in base 11?
4737
Convert 923 (base 10) to base 7.
2456
Convert -5024 (base 9) to base 10.
-3667
Convert -a365 (base 11) to base 13.
-6343
Convert 123 (base 10) to base 13.
96
Convert -10 (base 13) to base 9.
-14
What is 6aa (base 16) in base 12?
ba2
1101201 (base 3) to base 14
52a
What is -407 (base 12) in base 4?
-21013
8dd (base 15) to base 9
2671
Convert 355 (base 14) to base 10.
663
-3a020 (base 11) to base 12
-29173
-35115 (base 8) to base 10
-14925
Convert 108 (base 12) to base 11.
129
Convert -55414 (base 6) to base 12.
-456a
What is 1595 (base 11) in base 4?
133320
3012 (base 6) to base 9
808
What is 226aa (base 13) in base 8?
172316
What is 2703 (base 8) in base 2?
10111000011
What is -210222 (base 3) in base 5?
-4333
What is -1013120 (base 5) in base 10?
-16660
Convert a89 (base 11) to base 8.
2433
-1b0 (base 12) to base 16
-114
What is 1566 (base 13) in base 6?
22250
Convert 47 (base 8) to base 5.
124
22401 (base 10) to base 5
1204101
-1076 (base 14) to base 5
-42343
7939 (base 11) to base 15
3168
Convert 1a7 (base 14) to base 16.
157
What is -102211 (base 3) in base 7?
-634
What is 400 (base 9) in base 15?
169
Convert -26646 (base 7) to base 15.
-21e3
Convert -10300 (base 8) to base 6.
-31504
22 (base 4) to base 6
14
4157 (base 11) to base 9
7488
Convert -212310 (base 4) to base 16.
-9b4
What is 6617 (base 9) in base 11?
3733
Convert -14 (base 9) to base 4.
-31
5362 (base 9) to base 4
331220
-173b (base 14) to base 5
-113134
What is 433012 (base 5) in base 8?
34645
Convert -413 (base 8) to base 2.
-100001011
Convert -2310303 (base 5) to base 14.
-110c0
What is 17a6 (base 13) in base 4?
312330
7a4 (base 12) to base 2
10001101100
What is -101100 (base 4) in base 2?
-10001010000
Convert -13235 (base 6) to base 9.
-2715
What is 263 (base 7) in base 4?
2033
What is 24145 (base 7) in base 4?
1201300
What is -14532 (base 7) in base 3?
-12112200
311221 (base 4) to base 15
103d
-5c2 (base 13) to base 3
-1101011
Convert -255 (base 15) to base 10.
-530
23656 (base 10) to base 11
16856
What is -121230 (base 4) in base 2?
-11001101100
1300 (base 4) to base 2
1110000
1025 (base 14) to base 10
2777
Convert 103443 (base 5) to base 15.
1118
What is 3 (base 15) in base 8?
3
What is -472 (base 8) in base 9?
-378
Convert 717 (base 9) to base 4.
21013
What is -15602 (base 11) in base 14?
-8052
What is 3221 (base 7) in base 6?
5142
1212122200 (base 3) to base 6
442543
Convert -a94 (base 16) to base 9.
-3638
Convert -10275 (base 8) to base 11.
-3246
What is -2b76 (base 14) in base 9?
-11558
Convert 1012030 (base 4) to base 5.
120432
What is -4d3 (base 14) in base 9?
-1286
What is -105534 (base 7) in base 9?
-27700
What is -190 (base 14) in base 13?
-1ba
Convert 211002 (base 5) to base 16.
1b5a
Convert 1511 (base 6) to base 13.
250
What is 3665 (base 15) in base 5?
332240
-147a (base 14) to base 3
-11222200
Convert -314404 (base 5) to base 6.
-121032
202111 (base 4) to base 11
1718
103142 (base 5) to base 7
13225
542 (base 7) to base 11
230
What is -18b0 (base 15) in base 3?
-21022210
Convert -203235 (base 6) to base 16.
-3fa7
Convert 402b (base 14) to base 8.
25407
What is 16427 (base 8) in base 2?
1110100010111
-1000101110 (base 2) to base 14
-2bc
212104 (base 5) to base 4
1233302
3e6c (base 15) to base 6
141533
Convert 111300 (base 8) to base 15.
b1e8
What is -2132222 (base 4) in base 6?
-115002
What is 25412 (base 7) in base 11?
5061
Convert -1aa2 (base 15) to base 8.
-13221
-2b85 (base 12) to base 13
-2456
What is -2d6 (base 16) in base 9?
-886
43144 (base 5) to base 13
143c
-1023201 (base 4) to base 8
-11341
What is 19aa (base 11) in base 13?
1205
Convert 2734 (base 9) to base 2.
100000001000
Convert 245104 (base 7) to base 10.
44986
What is -3424 (base 6) in base 12?
-574
-10100211 (base 4) to base 11
-1211a
What is -137d (base 15) in base 10?
-4168
What is 15827 (base 10) in base 12?
91ab
Convert 1169 (base 10) to base 7.
3260
-317 (base 16) to base 4
-30113
What is 11213312 (base 4) in base 3?
1011120222
What is -17247 (base 8) in bas